(p) = 13*p**3 + 1. Let w be (-8 - -6 - (-3)/2)*2. Calculate y(w).
-12
Let t(s) = -11*s**2 + 15*s - 20. Let n(b) = -7*b**2 + 10*b - 13. Let x(h) = -8*n(h) + 5*t(h). Suppose 2*u = 3*u - 4. What is x(u)?
0
Let q(s) = -2 + 2*s + 2*s + s**2 - 5*s. Suppose -6 = 2*a - 5*a. What is q(a)?
0
Suppose -5*k = 4*o + 10, -k = 2*o - 4 + 12. Let a(i) = -i**2 - 5*i - 7. What is a(o)?
-7
Let n(d) be the second derivative of 11/20*d**5 + 1/6*d**3 + 1/6*d**4 + 0 - 2*d + 0*d**2. What is n(-1)?
-10
Let n(b) = 19*b**3 - 5*b**2 - 5*b - 1. Let v(g) = -39*g**3 + 11*g**2 + 11*g + 2. Let c(w) = -9*n(w) - 4*v(w). Give c(-1).
16
Let i be ((-18)/(-15))/(2/5). Suppose 1 + 5 = i*b. Let j(s) = -s + 6 - b - s**3 - 3. Give j(0).
1
Suppose -6*b + 11 = -2*b - o, 5*o + 9 = -3*b. Suppose 0 = b*z - 4*t + 14, -3*t + 30 = -z + 6*z. Let j(y) = -y**2 + 4*y - 4. Calculate j(z).
-1
Let x(q) = -q + 1. Suppose 0*w - 20 = -5*w - 3*o, -1 = -3*w - 4*o. What is x(w)?
-6
Let s(j) = -2*j**3 + 4*j + 1. Let t(m) = -m. Let k = 13 + -9. Suppose i = k*i + 6. Let n(q) = i*t(q) - s(q). Calculate n(-1).
-1
Let b(f) = f**3 + 10*f**2 + 9*f - 2. Let a be b(-9). Let d(g) be the third derivative of g**4/4 + g**3/6 - 3*g**2. Determine d(a).
-11
Let v(t) be the second derivative of t**2 - 1/6*t**3 + 0 + 3*t. Give v(1).
1
Let w(c) be the third derivative of -c**7/1680 - c**6/240 + c**5/60 - c**2. Let s(x) be the third derivative of w(x). What is s(-2)?
3
Let w(t) = 17*t + 10. Let v(s) = -9*s - 5. Let o(r) = -5*v(r) - 3*w(r). Determine o(-4).
19
Let m(k) be the first derivative of 2/3*k**3 + k - 1/4*k**4 - 4 + 1/2*k**2. Determine m(2).
3
Let u(x) = 1 - 2*x - 3 - x**2 + 5. What is u(2)?
-5
Let d(c) be the third derivative of -c**4/12 - c**3 + 12*c**2. Give d(-4).
2
Let r(a) = 7*a**2 + 6. Let m(z) = -13*z**2 - 11. Suppose -h + 10 = 5*y + 44, 3*y + 2 = 4*h. Let s(f) = y*m(f) - 11*r(f). Give s(3).
9
Let z = 4 + -3. Let m(q) = 3*q**2 - z + 1. Suppose 0 = -7*f + 2*f - 5. Give m(f).
3
Let s(x) = 0*x - 62*x**3 + 3*x + x**2 - 2*x + 63*x**3. Give s(2).
14
Let n(z) = -4*z. Suppose -13 = -3*b - 7. What is n(b)?
-8
Let c(f) = f - 1. Let s = -40 + 42. Give c(s).
1
Let f(l) = -l**3 + 4*l**2 + 3*l + 7. Let t be 0/(-4) - -3*1. Suppose -2*a + 27 = t*y, -4*a + 30 = -3*y + y. Let x be (a/6)/((-6)/(-20)). What is f(x)?
-3
Let o(z) be the third derivative of z**4/24 - z**3 - 7*z**2. Calculate o(7).
1
Suppose 5*q = 3*q - 10, -5*q = -2*z + 29. Suppose -6 = -z*p - 0. Let j(k) = -k + 1. What is j(p)?
-2
Suppose -23 + 2 = -3*f. Let l = 11 - f. Let n(j) = -j**2 + 4. Give n(l).
-12
Let h be (7/28)/((-2)/(-8)). Suppose j + 2 = -h. Let g(u) = 0*u - 2*u**2 + 6*u**2 + 3 + u**3 + 5*u. Determine g(j).
-3
Let t(c) be the third derivative of -c**4/4 + c**3/2 - 13*c**2. Determine t(2).
-9
Let a(w) = w**3 + 7*w**2 - w + 4. Let y be (-3)/(-6)*(0/(-3) + -14). What is a(y)?
11
Let h(o) be the second derivative of 1/12*o**4 - 5/6*o**3 + 0 - o**2 - 3*o. What is h(4)?
-6
Let j(z) = 4*z + 1. Let h(m) = -5*m. Suppose -k + 3 = -2. Let b(t) = k*h(t) + 6*j(t). Let d = 17 + -12. Give b(d).
1
Let x(w) = -7*w - 5. Let d(s) = -2 - 7*s + 16 + 19*s + 8*s. Let t(f) = -6*d(f) - 17*x(f). Let y(p) = -2*p + 6. Let a be y(5). Determine t(a).
5
Suppose -2*z - 4*q = z - 2, z - 2*q = 4. Suppose -3*b - z*b - 20 = 0. Let a(n) = n**3 + 3*n**2 - 5*n + 2. Give a(b).
6
Let w(u) be the third derivative of 1/60*u**5 + 1/24*u**4 + 1/6*u**3 + 0*u + 0 + 2*u**2. Let a be 3/(-1)*(-6)/(-9). Give w(a).
3
Let m(l) = 25*l - 7*l**3 - 2 - 23*l - 3 - 2*l**2 + 4. Determine m(1).
-8
Let d(b) = b - 2. Suppose -5*p + 12 = -p. Let v(f) = -f + 3. Let y(k) = p*v(k) + 2*d(k). Determine y(3).
2
Let q be 15/(-6) - (18/(-4))/3. Let g(s) be the second derivative of -s**3/3 + s**2/2 + s. Determine g(q).
3
Let n(p) = -2*p - 4. Let g(x) = -x**3 - 3*x**2 + 4. Let z be g(-4). Suppose -z = -3*c - c. Let u(m) = -4*m - 7. Let w(q) = c*n(q) - 2*u(q). Calculate w(-4).
2
Let i(v) = v**2 + 3*v - 3. Suppose -4*h = -h - 12. Let j(z) be the first derivative of z**4/4 - z**3 - 2*z**2 - 4*z - 1. Let p be j(h). Calculate i(p).
1
Let q(c) = c**2 - 6*c + 7. Let d be (-100)/16 + 5/20. Let z be 8/d*99/(-22). What is q(z)?
7
Let z(g) be the first derivative of -g**2/2 + g + 5. What is z(5)?
-4
Let x(j) = 5*j**2 + 8*j - 4*j + 6 - 1 - j**3 + 1. Give x(6).
-6
Let y be (-7 - (-119)/14)*7/3. Let t(j) be the second derivative of 0 + 1/3*j**3 + y*j**2 - j. Give t(-5).
-3
Let d be -1*(-1 + 3) - -6. Let h(m) = -1 + 3*m - d*m - 6*m + 3*m. What is h(-1)?
3
Suppose g = f, 0*f - 5*g = -f + 12. Let z(d) = -16*d + 5 + 38*d - 21*d. Give z(f).
2
Let z(x) = -x**2 - 4*x + 5. Let l be z(-5). Suppose 0 = -5*n - 5*k + 15, 5 = 3*k + 2*k. Let m(y) = 1 + 2*y + l*y + n*y. What is m(-1)?
-3
Let m = 5 + -1. Suppose -2*t = -0*t + m*w - 2, 3 = w. Let z(a) = 3*a**2 - 21*a - 7. Let b(g) = 5*g**2 - 32*g - 10. Let i(u) = 5*b(u) - 8*z(u). Calculate i(t).
-9
Let w(m) be the third derivative of m**5/60 - m**4/4 + m**3/6 - 7*m**2. Give w(4).
-7
Suppose -10 = -0*p - 2*p. Suppose -2*w = -p*w + 3. Let h(v) = -3*v. What is h(w)?
-3
Let l(t) = t**3 + 5*t**2 - 6*t - 4. Let a be l(-6). Let r = -18 + 27. Let u(k) = -4 - 2*k**3 + 5*k**3 - r*k**3 - 4*k**2 + 5*k**3. What is u(a)?
-4
Let r(v) = 1 + 2*v**2 + v + 4*v - 3*v**2 + 2*v**2. Let t = -11 - -7. Give r(t).
-3
Let w(p) = 2*p**2 - p - 1 - 30*p**3 - 2*p + 31*p**3. Calculate w(-3).
-1
Let z(a) be the third derivative of -a**4/4 + a**3/6 + 5*a**2. What is z(-1)?
7
Let a(i) be the second derivative of -i**4/3 + i**3/2 - 3*i**2/2 + 2*i. Let n = 35 - 33. Give a(n).
-13
Let x = 44 - 46. Let j be (-6)/(-4) + (-2)/(-4). Let p(o) = 2 - j*o - o**2 + 4*o + 2*o**2. Determine p(x).
2
Let i = 14 + -12. Let q(a) be the third derivative of 2*a**i - 1/24*a**4 + 7/6*a**3 + 0*a + 0. Calculate q(5).
2
Let w = 8 + -8. Let t(v) = v**2 + 5*v + 0*v**2 + w*v**2. Determine t(-5).
0
Let n(r) = -r**2 - 10. Let o(w) = w. Let s be o(1). Suppose -2*g - 4*x - 5 = -1, -5 = 2*g + 5*x. Let k be (s + -2)*(g + 0). Calculate n(k).
-10
Let m(x) = x**2 - 4*x + 1. Let h be m(4). Let t(d) = -2 - d + 0 - h - 4. Let u be t(-8). Let q(l) = 8*l**2 - 1. What is q(u)?
7
Let q(h) = -4*h**2 - 3. Let c(w) = w**2 + 1. Let d(x) = -3*c(x) - q(x). Determine d(-2).
4
Let z(c) be the first derivative of c**4/4 + 8*c**3/3 - c**2 - 3*c + 24. Give z(-8).
13
Let x(u) be the second derivative of -u**4/12 + u**3/3 - u. Give x(4).
-8
Let x(b) = b - 1. Let r(c) = -c**2 - 6*c - 4. Let j be r(-4). Suppose -j*h = -2*h. Suppose f + 3*a - 14 = h, -f + a + 1 = -1. Give x(f).
4
Let g(l) = l - 10. Let k(i) = 3*i - 29. Let o(n) = -17*g(n) + 6*k(n). Let d = 44 + -39. Determine o(d).
1
Let s(t) = t + 3. Let w(m) = 2*m + 18. Let y be w(-6). Determine s(y).
9
Let y(k) = -7*k + 14. Let q(t) = 112*t - 224. Let u(c) = 4*q(c) + 63*y(c). Let i(z) = 2*z - 5. Let w(f) = -17*i(f) + 6*u(f). Give w(-2).
-15
Let u(g) = g**2 + 3*g - 4. Let t be u(-4). Suppose -2*k + k + 4*m + 19 = t, 3*k - 5 = -m. Let b(s) = -2*s + 2. Give b(k).
-4
Let z(u) be the third derivative of -3*u**4/8 + u**3/6 + u**2. Suppose 2*i - 3*q + 20 = 3*i, 3*q = 4*i - 50. Let v = i - 13. Calculate z(v).
-8
Let f = -10 + 10. Let g(z) = -4*z**2 + z - 8. Let p(v) = -5*v**2 + v - 9. Let q(w) = 4*g(w) - 3*p(w). What is q(f)?
-5
Suppose 0 = 3*r - 4 + 7. Let d = -6 - -10. Let i(h) = 4*h + 4*h**3 - d*h. What is i(r)?
-4
Let z(n) = n. Let s be 13/(-2) + (-1)/(-2). Suppose -3*p = 6, 2*d - p + 18 = 4*d. Let o = s + d. Calculate z(o).
4
Let t(j) = 6 + 6*j + 1 - 5*j. Let h(z) = z + 8. Let w be h(-7). Let v be (1 - w)/(1 + 1). Calculate t(v).
7
Let d = 3 - 1. Let m(k) = k**2 + k + 0*k**2 + 4*k - 2*k - d. What is m(-5)?
8
Suppose h - 4*h + 18 = 0. Let a = h + 0. Let d(l) = 3*l - a*l + 7 + 2*l. Calculate d(5).
2
Let k(s) = -18*s**2 + 5*s - 5. Let r(w) = 16*w**2 - 6*w + 6. Let m(f) = -7*k(f) - 6*r(f). Determine m(1).
30
Let d(g) = g**2 + 2*g + 3. Suppose -5*m + 1 = -9. Suppose -3 = m*l + 3. Determine d(l).
6
Let i(u) = -u**3 - 8*u**2 - u - 15. Let b be i(-8). Let j(c) = -c + 6. What is j(b)?
13
Let b(n) be the third derivative of -n**4/8 + n**3/3 + 7*n**2. What is b(4)?
-10
Suppose -2*v = 10, -5*g - 3*v = 2*v - 5. Let t(j) = 2*j - 9. What is t(g)?
3
Let n(h) = 12*h**2 + h + 1. Let t be n(-1). Suppose 2*k + 4*g = t, g + 2 = 5*k - 3*g. Let y(s) = -s**2 + 6*s - 3. 